f p and 154?
22
Let t(p) = 10 + 25*p - 36*p + 6*p**2 - 5*p**2. Let d be t(10). Suppose d = -4*f + 29 + 3. What is the greatest common factor of f and 88?
8
Suppose 2*r + 2*v = -0*r - 4, 0 = -3*r + 2*v - 16. Let d be -3 + 5 + (-86)/r*-6. Let i = -119 - d. Calculate the highest common factor of 64 and i.
8
Let g(z) = -3*z - 4*z - z - 2. Let l be g(-4). Let u(j) = -118*j - 1646. Let v be u(-14). What is the greatest common divisor of v and l?
6
Suppose 1115*n - 1119*n - 772 = -4*o, 2*n = -3*o + 564. What is the highest common divisor of 670 and o?
10
Let w = 20674 - 9558. Calculate the highest common factor of 28 and w.
28
Suppose 424*q - o - 2225 = 419*q, -3*q - 4*o = -1312. Calculate the greatest common divisor of q and 16.
4
Suppose 4 = -2*o, -4*o = -3*d - 2*o - 3725. Let i = d + -697. Let g be i/(-100) - 4/10. What is the greatest common divisor of 19 and g?
19
Let d(b) be the first derivative of -10 + 0*b + 2/3*b**3 + 1/2*b**2 - 127/4*b**4. Let f be d(-1). What is the highest common factor of 16 and f?
16
Let x = 610 + -633. Let i be ((3 + -8)*13)/(-1). Let q = x + i. Calculate the highest common factor of q and 6.
6
Suppose 4*w - 2*w + 44 = 0. Let y = 18 + w. Let s be (-14 - -28) + y*1. What is the greatest common factor of 30 and s?
10
Let g be (-15)/35 - 1728/(-63). Suppose 0 = -4*m + 28 + 32. Let t be m/6 + 4/8. Calculate the highest common factor of t and g.
3
Suppose -589 = -4*z - 5*x, -9*z - 5*x - 347 = -11*z. What is the greatest common divisor of z and 23556?
156
Suppose -82*a = 57*a - 179*a + 568520. Calculate the greatest common divisor of a and 699.
233
Let r = -2934 + 4140. Calculate the highest common factor of r and 126.
18
Let x(k) be the first derivative of k**3/3 + 3*k**2 + 12*k - 28. Let g be x(-4). Let o be 4 - 231/22*g/(-3). What is the highest common divisor of o and 36?
18
Let h(o) = o**3 + 7*o**2 - 75*o - 398. Let r be h(-5). Calculate the greatest common divisor of 3951 and r.
9
Let l(x) = 68*x + 449. Let c be l(3). What is the greatest common factor of c and 3?
1
Suppose 3*b + 96 = -3*o - 2*b, -2*b + 48 = -2*o. Suppose -3*r + 119 = -10*r. Let x = r - o. What is the highest common factor of 5 and x?
5
Suppose -64 = -5*c - 3*c. Suppose 23*x = c*x + 105. What is the greatest common factor of x and 161?
7
Let g = 9715 - 9682. What is the highest common factor of g and 5511?
33
Let h = -52 + 54. Let w(g) = 2*g**2 - 11*g + 34. Let l be w(7). Suppose l = -k + 57. Calculate the greatest common factor of k and h.
2
Suppose 4*h = 19*h + 2*h - 1207. What is the highest common divisor of 7100 and h?
71
Suppose -4*i - 24 = 0, 3*b - 1587 = -5*i + 609. Calculate the highest common factor of 583 and b.
53
Suppose 5*i + 230 = 3*p, 0 = 2*i - 3*i + 2. Let s be p/24*(48/10)/4. Suppose -s*o + 5*o = 135. Calculate the highest common divisor of 27 and o.
27
Let f be (-24)/(-240) - (-28245)/50. Calculate the greatest common factor of f and 678.
113
Let y = 4512 + -4076. What is the greatest common factor of y and 5559?
109
Let y be (264/30)/(4/10). Suppose -9*q + 1 = -17. Suppose 6 = -2*w + q*g, 4*w + w - 25 = -3*g. Calculate the highest common factor of w and y.
2
Let i be (2/((-16)/(-4)))/(4/(-16)). Let a be (2 - 3)*i + 2. Calculate the greatest common factor of a and 36.
4
Let q(m) be the first derivative of 2*m**3 + 3*m**2/2 - 10*m + 91. Let u be q(3). What is the greatest common factor of u and 106?
53
Let p be 5*(189/(-15) - 1). Let k be 2 - (p + 8/(-4)). Let n be (-4*(4 + -1))/(6/(-4)). What is the highest common factor of n and k?
8
Let z be 23*(-108)/(-552)*(-40)/(-9). Suppose 5*u + 7*i - 5*i - 698 = 0, -3*i - 3 = 0. What is the greatest common divisor of z and u?
20
Suppose 495 - 69 = 71*m. Suppose 0*o - 16 = -4*o. Suppose -o*x + 27 + 45 = 0. What is the highest common divisor of x and m?
6
Suppose -w = -4*w - h + 1537, -2*w + 5*h = -1019. Suppose -15*b - w = -31*b. Calculate the highest common divisor of 1 and b.
1
Let l(p) = -p**2 + 9*p + 53. Let y be l(-4). Let h be ((186/9)/((-8)/(-540)))/y. What is the greatest common factor of h and 45?
45
Let l = -37 + 42. Suppose 5*f - l*t + 0*t - 20 = 0, -2 = 2*t. Suppose 0 = -n - f*n + 80. Calculate the highest common factor of 10 and n.
10
Let i(u) = -u**2 - 37*u - 78. Let a be i(-33). Let b be a*3*48/54. Calculate the highest common factor of b and 9.
9
Let l(x) = x**3 - 4*x - 8. Let m be l(6). Suppose 8*q + 463 = -209. Let u = q + m. What is the greatest common factor of 20 and u?
20
Suppose 0 = 14*p + 3*n - 42, 3*p + n = p + 6. Calculate the greatest common factor of p and 768.
3
Let b(g) = -1125 + 10*g + 14*g + 1173. Let s be b(0). Let j = -82 - -154. What is the greatest common divisor of s and j?
24
Let k(a) = a**3 + 8*a**2 - 13*a - 8. Let b be k(-7). Suppose 3*o - 196 - 398 = o. What is the greatest common factor of o and b?
33
Let z = -669 - -2811. Calculate the highest common divisor of 189 and z.
63
Suppose -574*s + 560*s = -8750. Calculate the greatest common divisor of 50 and s.
25
Let f(c) = 2*c**3 + 50*c**2 + 126*c - 22. Let n be f(-22). Calculate the highest common divisor of n and 42.
2
Let t(k) = 11*k**2 + 116*k - 123. Let y be t(11). What is the highest common factor of 216 and y?
108
Let d(l) = 78*l + 107. Let m be d(11). What is the highest common divisor of m and 10?
5
Suppose -902*i = 143 - 3751. Let l = 1 - 0. What is the highest common factor of i and l?
1
Let u = 4392 - 4338. Calculate the greatest common factor of u and 132.
6
Let p = -544 + 498. Let v be 3 - (-1)/(2 + -4)*p. Calculate the highest common factor of v and 182.
26
Suppose -6*x + 21*x - 225 = 0. Suppose -x*n + 328 = 88. Let j be (1 - 1 - -4) + n + -2. What is the greatest common divisor of 36 and j?
18
Suppose -3990 = -6*q + 2*m, 104*q - 106*q - 3*m + 1330 = 0. What is the greatest common divisor of q and 245?
35
Suppose 2*y + 135 = -5*h, 2*y + 0*y + 155 = -h. Let k = y + 156. Let q be 7*(-1 - k/(-28)). Calculate the highest common divisor of q and 6.
6
Let r = 95 + -84. Let d(w) = -w**2 + 14*w - 33. Let l be d(r). Suppose -3*f + 25 + 185 = l. Calculate the greatest common divisor of f and 14.
14
Let r(p) = p + 19. Let k be r(-18). Let u(v) = 58*v**3 - v**2 - 2*v + 2. Let c be u(k). Suppose z = 89 - c. Calculate the greatest common factor of z and 288.
32
Let l = -160 + 295. Let f be (-1)/(4*4/64). Let t be (6/f)/((-3)/30). What is the greatest common divisor of t and l?
15
Suppose -5*n + 29941 = 3*l, 0 = 3*n - l - 4*l - 17985. Calculate the greatest common divisor of n and 10.
10
Let p(o) = 66*o - 76. Let y be p(14). Suppose 367 = 5*h - 5*q - y, 2*h - q - 490 = 0. What is the greatest common factor of 38 and h?
19
Let d(s) = s**2 + 11*s + 16. Let x be d(-9). Let q be ((-54)/x)/(-2 + 28/12). What is the highest common factor of q and 36?
9
Let i = -7514 - -9159. What is the highest common divisor of 385 and i?
35
Let p(a) = -2434*a**3 - a**2 + 33*a + 54. Let v be p(-2). What is the highest common factor of v and 19?
19
Let k be (-12)/(-14) + 86422/(-98). Let r = 455 - k. What is the greatest common factor of 8 and r?
8
Let r be 45312/3304*(-1064)/(-3). What is the highest common factor of 95 and r?
19
Let i(c) = 52*c - 140. Let h(j) = 3*j - 23. Let t be h(10). Let u be i(t). Suppose -v + 0*v = -32. Calculate the greatest common divisor of v and u.
32
Let h be 106/(-4) - (-8 - (-38)/4). Let p be 292/6*(-9)/6. Let j = h - p. What is the greatest common divisor of j and 9?
9
Let f(q) = 8*q**3 + 5*q**2 + 20*q + 21. Let l be f(7). Calculate the greatest common factor of l and 84.
42
Let w = 20115 + -12142. Calculate the highest common factor of w and 14.
7
Let v(k) = 9*k**2 - 22*k - 42. Let z(d) = 8*d**2 - 23*d - 42. Let h(t) = 4*v(t) - 3*z(t). Let q be h(-6). What is the greatest common divisor of 84 and q?
84
Suppose -4*o - 6098 = -3*t, -4367 = -3*t + 5*o + 1739. Calculate the highest common factor of 30 and t.
6
Let m = 36 + -12. Suppose 8*z - 2*z + 6 = 0. Let c be (z - -171) + -2*(-6)/(-6). Calculate the highest common divisor of m and c.
24
Suppose 4*z = -3*o + 459, -37*o = -42*o - 35. What is the greatest common divisor of z and 48?
24
Suppose -4*m + 304 = -4*u, 5*m - 308 = -19*u + 15*u. What is the greatest common divisor of 64 and m?
4
Suppose 3*b = 3*l - 24, -b = -4*l + 42 - 4. Suppose 0 